= 2*o(z) + 5*v(z). Give n(-1).
-5
Suppose -3*c = -2*h - 2*c + 6, 0 = h - 2*c. Suppose -h*t = -2*t. Let x(o) = o - 3. Calculate x(t).
-3
Let z(l) be the third derivative of -l**4/24 + 10*l**3/3 + l**2 - 57. Let q(v) = v**2 + v + 14. Let t be q(0). Determine z(t).
6
Let t(x) = 4*x**3 + 2*x**2 - 2*x - 1. Suppose 21 = -2*d + 5*o, 2*d + 2*o = 63 - 49. Give t(d).
35
Let u(q) = q**2 + 9*q - 19. Let d be u(-11). Let g(x) = -3*x + x**3 + 0*x + 3*x**3 - 2*x**2 - d - 3*x**3. Calculate g(-2).
-13
Let m(g) = -54*g + g**3 - 49*g + 8*g**2 + 85*g + 11. Determine m(-10).
-9
Let x be 1/((-78)/(-81) + -1). Let i = x + 27. Let m(a) = -a**2 + 11. What is m(i)?
11
Let a(d) be the third derivative of -d**5/30 + 19*d**4/24 - 5*d**3/6 - 42*d**2 - 4*d. What is a(9)?
4
Let z = 7 + -4. Suppose -z*h + c + 0 = 10, 0 = -5*c - 10. Let m(k) = 2*k + 3. Give m(h).
-5
Let w be ((-11)/33)/(3/(-99)). Let f(s) = 3*s - 16. What is f(w)?
17
Let h(j) = -2*j**3 + 18*j**2 - 2*j + 16. Let t be h(9). Let q(l) = -8*l**2 + 2. Determine q(t).
-30
Suppose 0*b - 5*b = -b. Let m(w) = -1 + 3*w - 4 + b*w**3 - 6*w**2 - w**3 - 2. Calculate m(-7).
21
Let n(h) = -h**2 - 3*h + 7. Let q = 9 + -3. Let c(k) = -k**2 - k. Let d(z) = 5*z**2 + 13*z - 5. Let g(y) = q*c(y) + d(y). Let l be g(7). Give n(l).
-3
Let d(t) = -3 + 1 + t - 7 + 4. Determine d(4).
-1
Let h(r) = r**3 + 10*r**2 + 10*r + 4. Suppose -3*t = 24 + 3. Let j be h(t). Let c(z) be the first derivative of -z**2/2 - 7*z - 10. Calculate c(j).
-2
Suppose 5*n = 4*x + 20, -5*x = 2*n + 3*n - 20. Suppose x*f = -2*f. Let v(t) = 149 - 141 + f*t - t. Calculate v(0).
8
Let t(r) be the first derivative of r**2/2 - 15*r - 119. Give t(7).
-8
Let a be -9*3/9*-1. Let o(y) = y**2 + 2*y. Give o(a).
15
Let m(h) be the second derivative of -h**8/6720 + h**7/630 + h**6/720 + 35*h**4/12 - 28*h. Let w(v) be the third derivative of m(v). Calculate w(4).
4
Suppose 0 = 3*g - 2*g. Let x(u) = 128 - 166 + 46 + u. Give x(g).
8
Let p(j) = j - 11. Suppose 8*f - 12*f = -20. Suppose -f*r - 6 = -6*r. Determine p(r).
-5
Let v(i) = 4*i + 4*i + 139*i**2 - 138*i**2 + 10. Give v(-7).
3
Let d be (-31)/(-9) - (-256)/(-576). Let o(i) be the second derivative of -1/2*i**3 - 2*i**2 + d*i + 0. Give o(-6).
14
Suppose 5*o - 46 = -3*r, r + 5*o = -0*o + 32. Let h(l) = -l**2 + 7*l. Calculate h(r).
0
Suppose 3*u + u = 24. Let b(y) = y**3 - 6*y + 0*y**2 - 2*y**3 + u*y**2 + 5. Suppose -226 = -51*f + 29. Calculate b(f).
0
Suppose -w = 2*t - 2*w - 8, -w - 2 = 0. Suppose -c - 8 = -t*c. Let o(i) = 1 - 7 + 0 + i. What is o(c)?
-2
Let a(d) = -6 + 7*d + 6*d**3 - 2*d**3 - 7 + 29*d**2. Let r(v) = -v**3 - 7*v**2 - 2*v + 3. Let y(j) = -2*a(j) - 9*r(j). Determine y(-3).
5
Let t(o) = o - 8. Suppose -l - 1 = i - 0, -l + 3*i = 17. Let f = l - -11. Suppose -10 = 4*b + f*d - d, b - 4*d = 8. Give t(b).
-8
Let z(g) = 3*g + 1 + 4 - 5*g + 19. Determine z(10).
4
Let g(v) = 8*v + 2. Let k(h) = -4*h - 1. Let j(u) = 4*g(u) + 7*k(u). Suppose m = 3*m - 6, -4*m + 16 = 4*f. Determine j(f).
5
Let x(z) = -z**3 - 1 - 6*z**3 + 0*z**2 + 2*z**2. Suppose -28 = 3*y + 5*o, 73*y - 74*y = -2*o - 9. Determine x(y).
8
Let g(f) be the second derivative of -f**4/12 - f**3 + 9*f**2 - 606*f. Give g(-8).
2
Suppose -24*x = 13 + 227. Let f(n) = -4*n - 35. Calculate f(x).
5
Suppose -38*d = -37*d + 7. Let h(n) = -2*n + 7. Give h(d).
21
Suppose 0 = -7*n + 13*n - 30. Let b(z) = -3 - 6*z + 5*z**2 - z**3 + z**2 - 3 + n*z. What is b(5)?
14
Let t(y) = 12*y - 184 - 114 + 302. Determine t(0).
4
Suppose 8*x - 5*x - 15 = 0. Let d(r) = 6*r**3 - 4*r - 5. Let b(f) = -6*f**3 + 3*f + 4. Let g(v) = x*b(v) + 4*d(v). What is g(-1)?
7
Let z(h) = -h**2 - 6*h + 3. Let p(l) = -2*l**2 + 2*l + 2. Let m be p(4). Let j = m + 36. Suppose -6*t = -8*t - j. Determine z(t).
-4
Let m be (2/4 + 0)/(6/(-72)). Let v(f) = -10*f**2 - 17*f - 10. Let u(t) = 3*t**2 + 6*t + 3. Let s(l) = -7*u(l) - 2*v(l). What is s(m)?
11
Let h(z) = -z + 18. Let o(i) = -i - 4. Let b(r) = -h(r) - 4*o(r). Give b(-1).
-7
Let m(r) = -r**2 - 7*r - 5. Let d be m(-6). Let j(g) be the first derivative of -7*g**2/2 + g - 472. Calculate j(d).
-6
Let h(d) = d**3 - 2*d**2 - 5*d + 4. Suppose -2*t + 21 = -4*j + 3*t, -3*j - 5*t = 42. Let a be (-48)/(-14) - (-1)/21*j. What is h(a)?
-2
Let v(h) = h**2 - 4*h - 8. Suppose 0 = -6*g + 27 + 9. Calculate v(g).
4
Let s(g) = -g**2 + 6*g - 5. Let d be ((-40)/25 - -2) + 69/15. Determine s(d).
0
Let a(c) = 101*c**2 + 2*c - 10. Let o(v) = -84*v**2 - 2*v + 9. Let m(s) = 5*a(s) + 6*o(s). Determine m(2).
4
Let r(h) = -6*h**2 - 8*h - 5. Let c(p) = -5*p**2 - 7*p - 3. Let z(m) = 5*c(m) - 4*r(m). Determine z(-5).
-5
Let x(v) = 4 - 12 + 0*v + 10 - v + 5*v. Calculate x(-2).
-6
Suppose -160 = 5*y + 275. Let h = 82 + y. Let r(g) = 3*g + 3. Determine r(h).
-12
Let f(g) be the second derivative of -g**5/20 + g**4 - 3*g**3/2 - 7*g**2 + 108*g. What is f(11)?
8
Let w(a) be the first derivative of a**4/4 - 2*a**3 - a**2/2 + 3*a - 5855. Suppose 0 = 3*f + o - 14, 4*o - 22 = -5*f + 2*o. Calculate w(f).
-3
Let k(l) = l**2 + 6*l - 2. Let v = -426 + 417. Calculate k(v).
25
Let i = 16 - 11. Let c(p) = 4 - p - i - 2. Let t(j) = -j**2 + 2*j. Let a be t(4). What is c(a)?
5
Let n(v) = -4*v + 2. Let z be (-2 - -18)*(-3)/(-6). Let y = z + -4. Suppose y*r - 6 = 2. Calculate n(r).
-6
Suppose 0 = -10*j + 11*j - 15. Let z = -10 + j. Let c(t) = -2*t**2 + 3*t + 14. Let x(o) = -o**2 + o + 7. Let b(p) = 3*c(p) - 5*x(p). Calculate b(z).
2
Let z(y) be the third derivative of y**5/60 + 7*y**4/24 + y**3/6 + 222*y**2. Calculate z(-7).
1
Let v = 39 - 36. Let f(c) = -2 + 5*c - 4*c - v. Determine f(7).
2
Suppose 10*h = 7*h + 9. Let j(q) = 4*q**2 - 2*q - q**2 + h*q - 2*q**2 + 6. Let g be j(0). Let i(m) = -m + 13. What is i(g)?
7
Let m(h) = -2*h**3 - 10*h**2 + 6*h - 9. Let f(u) = -2*u**3 - 8*u**2 + 5*u - 8. Let t(d) = -7*f(d) + 6*m(d). Determine t(2).
4
Let a be 2/11 + (-434)/(-154). Let r be 66/9 + (-1)/a. Let z(y) = -3*y + 4 - 2 - 3 + r*y - y**2. Determine z(5).
-6
Let i(y) = 47 + 49 - 90 - 3*y + 3*y**2 - y - 4*y**2. What is i(-5)?
1
Let q = 68 - 47. Let m = -17 + q. Let b(n) = n**2 - 4*n. Calculate b(m).
0
Let s(d) = -d**3 + 5*d**2 + 4*d + 12. Let k be s(6). Let p(q) = 2*q + 8. Give p(k).
8
Let u(k) be the second derivative of k**4/12 - k**3 + 6*k**2 - 262*k. Determine u(5).
7
Let l(f) be the third derivative of -f**4/4 + 7*f**3/6 + 7*f**2 - 5. Let u(n) = 13*n - 15. Let w(j) = 5*l(j) + 2*u(j). Determine w(5).
-15
Let m be 4 - (-4 - 0 - -2). Let r(u) = 0*u + 2 + 2*u**2 - u - m*u**2. Calculate r(2).
-16
Let v(k) = -6*k - 1. Let i(o) = -42*o - 13. Let b(q) = -i(q) + 6*v(q). Calculate b(-3).
-11
Let h be 2*(-2 + (-5)/(-2)). Let m(q) = -4*q**2 - q**2 - h - 5*q + q**3 - 2*q**3. Suppose -306 = 8*w - 274. What is m(w)?
3
Let r(y) = -3*y - 39. Let c(i) = -i**3 + 4*i**2 - 70*i + 270. Let v be c(4). Calculate r(v).
-9
Let b(v) = 162*v + 1134. Let h be b(-7). Let d(u) = -u**3 - u**2 + 15. Give d(h).
15
Let v(b) = -b - 1. Let n(z) = 7*z + 20. Let a(d) = -n(d) - 6*v(d). What is a(-5)?
-9
Let r(u) be the third derivative of 0 + 2/15*u**5 - 1/120*u**6 - 8*u**2 + 4/3*u**3 + 0*u + 0*u**4. Calculate r(8).
8
Let z(d) = -d**3 - 9*d**2 + 10*d + 12. Suppose -7*j = -4*j + 30. What is z(j)?
12
Let s(l) = -3*l**3 - 2*l**2 + 12*l + 9. Let j(c) = -7*c**3 - 3*c**2 + 26*c + 19. Let y(o) = -2*j(o) + 5*s(o). Calculate y(-5).
-8
Let k(l) be the second derivative of l**4/12 + l**3/6 - l**2/2 + 7*l. Let j(g) = 3*g**2 + 4*g - 1. Let t(w) = -j(w) + 4*k(w). Calculate t(3).
6
Let d(z) = 793*z + 1 + z**2 - 802*z - 8. Determine d(8).
-15
Let l(y) = 1 + 0*y + 4*y**2 - 11*y**2 + y + 8*y**2 - 5. Suppose -5*a = -56 + 21. Suppose -7 = -4*m - 2*p + a*p, -3*p = -m. Give l(m).
8
Suppose 0 = 17*j + 7*j - 264. Let f(w) = w**3 - 12*w**2 + 13*w - 21. Give f(j).
1
Let k be ((-19)/(38/12))/(-1). Let a(r) = 3*r**2 - 9*r - 28. Let t(n) = -n**2 + 3*n + 9. Let j(o) = 2*a(o) + 7*t(o). Calculate j(k).
-11
Let u(y) = 4*y + 3. Let j = -377 - -374. Give u(j).
-9
Suppose 735 + 13 = 17*g. Suppose -g = -6*v - 38. Let m(h) = h**2 - h + 1. Give m(v).
1
Let k(x) be the third derivative of 0*x + 1/3*x**3 + 2*x**2 - 1/120*x**6 - 5 + 1/30*x**5 - 1/6*x**4. Suppose 3*s - 14 = -4*m, s - 3*m = -1 - 3. Determine k(s).
-6
Let j(f) = 1 - 9*f**3 + 4*f - 3*f**2 + 4*f**2 - 3*f. Let h(w) = 3*w + 8. Let o be